/70 - j**6/180 + j**4/24 - j**3 + 10. Let k(r) be the third derivative of z(r). Let p = 3 - 4. Determine k(p).
-13
Suppose 74*n = 81*n - 63. Let g(a) = 99 - 45 + n*a**2 - 55 - a. Give g(-2).
37
Let d(y) = y**3 + 7*y**2 + 4*y + 1. Let p(n) = -14*n + 63. Let t = -363 - -368. Let c be p(t). Give d(c).
-27
Let q be ((-50)/35)/5 - 2399/7. Let z = q + 349. Let r(w) = w**3 - 5*w**2 - 5*w. Give r(z).
6
Let w(t) be the third derivative of t**5/30 + 25*t**4/24 + 13*t**3/3 - 15*t**2 - t + 1. What is w(-11)?
-7
Let g(z) = -z**3 + 9*z**2 + z + 6. Let l(r) = -45*r - 306. Let q be l(-7). What is g(q)?
15
Let y(i) = -i**3 + 7*i**2 - 7*i + 25. Let j(k) = -k**3 + 3*k**2 + 8*k - 13. Let s be j(2). Give y(s).
-24
Let w(h) = 6. Let m(c) = -10*c + 7. Let g(k) = -m(k) + 2*w(k). Give g(-1).
-5
Let x(u) = -3*u - 20*u + 16 + 26*u - 3*u**2 - 9*u - 14*u. What is x(-7)?
9
Let c(f) be the second derivative of f**4/6 + 5*f**3/3 + f**2 + 12*f. Let j be c(-5). Suppose -25 = 3*g + j*g. Let u(q) = -2*q - 1. Calculate u(g).
9
Let i(s) = -s**2 + 2*s + 96. Suppose -92*z + 2467 - 787 = -302*z. Calculate i(z).
16
Let b(c) be the first derivative of -c**4/4 + 13*c**3/3 - 9*c**2 + 23*c - 3465. Calculate b(11).
67
Let k(a) = -a**3 - 8*a**2 - 7*a - 3. Let t be k(-8). Suppose l = 5*y + t, -l - 34 = 4*y + l. Let z(w) = -w - 7. Determine z(y).
3
Let m(f) = 5*f**2 - 6*f + 9. Let g(n) = n**2 - n + 1. Suppose -9 = -7*q + 19. Let y(b) = q*g(b) - m(b). Determine y(4).
-13
Let q be -49 - (-12 + 2 - -22)/(-1). Let a(p) = -p**3 - 36*p**2 + 35*p - 83. Determine a(q).
-9
Let n(q) = -q**2 + q - 4. Let b(w) = -2*w**2 - 6*w - 14. Let p(s) = -b(s) + 5*n(s). What is p(4)?
-10
Let w(u) = 5*u - 11. Let v be ((16/5)/4)/(4/(-30)). Let r(m) = -3*m + 5. Let g(f) = v*w(f) - 13*r(f). What is g(-1)?
-8
Suppose h - 5*t = -21 + 8, 0 = -9*t + 36. Let d(u) = 3*u - 20. Calculate d(h).
1
Let p(z) = -z**3 - 11*z**2 + 17*z + 17. Let i(j) = j**3 + 11*j**2 - 6*j - 17. Let a(q) = 3*i(q) + 2*p(q). Determine a(-9).
1
Suppose 0 = -g - 1 + 3. Let h(a) = 0*a - a - 2*a**3 + 117 + 2*a**2 - 484 + 124 + 117 + 124. What is h(g)?
-12
Let f(m) = 9 + 3*m**3 - m - 20 + 9 + 5*m**2 - 2*m**3. Let p(y) = -3*y**2 - 23*y - 19. Let n be p(-7). Determine f(n).
3
Let z = 45 - 46. Let f be 16/4*2/z. Let a(g) = 4*g. Let p(r) = 11*r. Let j(n) = f*a(n) + 3*p(n). What is j(2)?
2
Let a be (-6)/4*(-3 + (-49)/(-21)). Let r be (a/(16/(-12)))/(1/(-4)). Let h(v) = -5*v + 5*v**2 + 6 - r*v**2 - 5*v - 3*v**2. Give h(-10).
6
Let z(o) be the second derivative of -o + o**3 + 1/4*o**4 - 1/20*o**5 + 0 + 5/2*o**2. Suppose -5*w + 13 = i - 5*i, -w + 2 = -i. What is z(w)?
-15
Let p(x) = -x**3 + 9. Let q be p(0). Let g be q - -6 - 15/3. Let w(c) = c**2 - 9*c - 10. Determine w(g).
0
Let y = -3479/3 - -1160. Let v(d) be the second derivative of 28*d + 1/2*d**2 + y*d**3 + 1/6*d**4 + 0. Give v(-1).
1
Let g(f) = 37*f + 22. Let l(u) = u**3 - 9*u**2 + 16*u + 5. Let z be l(3). Give g(z).
-15
Let o(f) = -2*f**2 - f + 2. Let u = -79 + 55. Suppose -2747*b - 8 = -2745*b. Let i be 39/(-18) + b/u. Give o(i).
-4
Let t be 52/(-7) + (-36)/63. Let n(r) = -2*r - 13. Let a be n(t). Let p(m) = -2*m + 2*m - m + a*m + 1. Determine p(1).
3
Let l(s) = 15*s**2 - 4*s - 13. Let c = 14050 + -14052. Determine l(c).
55
Let r(m) be the second derivative of m**3/6 + 7*m**2/2 - 2776*m. Determine r(-5).
2
Suppose -10 = -2*o, 0 = -88*h + 86*h + 2*o - 28. Let p(b) = -b**2 - 7*b + 20. Give p(h).
2
Let k(b) = b**3 + 7*b**2 - b - 5. Let o = 718 - 697. Let a = 1 + -1. Suppose -3*t + a*t = o. What is k(t)?
2
Suppose -10*q + 32 = -8. Let x(c) = -2*c**2 - 11 - 7*c**2 - q*c**3 + 9*c + 4*c**3 - c**3. What is x(-10)?
-1
Suppose -7*z = -10*z + 84. Let l = z + -26. Suppose -u + 0*u - 3*t = -6, 0 = -2*u + l*t + 4. Let b(i) = 3*i**2. What is b(u)?
27
Let s = 1 - 2. Let f be (-5)/1*(s - 0). Let k(a) = -120*a + 11. Let w(t) = 269*t - 23. Let r(i) = 9*k(i) + 4*w(i). Determine r(f).
-13
Let x(s) = -817*s + 406*s - 13 + 404*s. What is x(6)?
-55
Let p(h) = -h**3 + 5*h**2 + 8*h - 6. Let a = 96 + -80. Suppose 6*r = 2*n + 2*r - a, 0 = -r - 1. What is p(n)?
6
Let i(a) = 120 + 118 - 18*a - 231. Let p(x) = 48 + 0*x - 47 - x. Let f(v) = -i(v) + 6*p(v). Determine f(1).
11
Let j(g) = g + 8. Let z(b) = -b - 1. Let r(d) = -d**2 - 13*d - 16. Let x(n) = -r(n) - 2*z(n). Let f be x(-16). Suppose -5*i + 9 = f. Calculate j(i).
3
Let c(l) = -l**3 - 21*l**2 - 4*l - 70. Suppose 20743*b - 20742*b + 27 - 6 = 0. What is c(b)?
14
Let l(n) = -2*n + 11. Let x(k) = -2*k + 10. Let u(r) = 5*l(r) - 6*x(r). Let y be u(5). Let c be ((-6)/y)/((-12)/(-30)). Let z(w) = w**2 + 3*w + 2. Give z(c).
2
Let u(g) = g**2 - 3*g**2 - 14*g + 1 + 4*g**2 + 17*g + 2*g**2. Suppose 3 = 2*d - 5*d. Let r be u(d). Let w(o) = 9*o + 2. Give w(r).
20
Let d(n) = -7*n**2 - 6*n + 3. Suppose -318*f + 261*f = -171. Give d(f).
-78
Suppose 2*l + 2*l = 64. Suppose -6*f = -l + 4. Suppose 0 = o - f - 1. Let z(g) = -g**3 + 2*g**2 - g + 3. What is z(o)?
-9
Let l(u) = -421 + 842 - 424 - 2*u. Let r(t) = t - 3. Let g = 10 + -4. Let o be r(g). Give l(o).
-9
Let u(h) = -29*h**3 - 6*h**2 - 34*h - 28. Let m(i) = 24*i**3 + 4*i**2 + 38*i + 28. Let o(a) = 6*m(a) + 5*u(a). Give o(-11).
-5
Let f(t) = -2 + 4*t - 1045*t**2 - 1049*t**2 + 2098*t**2 - 2*t**3 + t**3. Give f(4).
14
Let t(x) = -15 + 10 + 264*x**2 + 0*x + x - 269*x**2 + x**3. Let q(j) = -j**3 + 8*j**2 + 5. Suppose 8 + 8 = 2*v. Let r be q(v). Calculate t(r).
0
Let j(q) = 2*q**2 + 19*q + 27. Let h(l) = -l**3 - 34*l**2 + 56*l - 584. Let s be h(-36). Give j(s).
3
Let r(x) be the first derivative of x**2/2 + 13*x - 7500. Suppose 4 = 5*o - 1, -5*i + 2*o = -8. Suppose 0 = v - 2*u - i, 3*v - 4*v - 2*u = 14. Calculate r(v).
7
Let u(m) = -19*m + 918. Let s be u(48). Let q(o) be the second derivative of -o - 7/2*o**2 + 0 + 1/3*o**3. What is q(s)?
5
Suppose 12 - 16 = 4*b. Let k(a) = a**2 + a - 1. Let r(t) = -31*t**3 + t**2 + t - 3. Let d(m) = -2*k(m) + r(m). What is d(b)?
30
Let w(u) = u + 9. Let f be w(-6). Let g = f - 1. Let l(m) = 2 + 6 - g*m**2 - m**2 - 8*m + 2*m**2. What is l(-8)?
8
Suppose 3*m = 2*o + 8, 9*m - 4*o = 4*m + 14. Let l(u) = -3*u**2 - u + 3. Determine l(m).
-11
Let y(z) = -z - 4. Let s(o) = -2*o**3 - 17*o**2 - 11*o - 12. Let r be s(-8). Let i = 27 - r. Let m = i - 15. What is y(m)?
-4
Let j = -26 - -26. Suppose 5 = -q - 5*t, -2*q - 4*t = -18 - 2. Suppose -5*f + j = q. Let c(m) = -m**2 - 4*m - 4. What is c(f)?
-4
Let b(l) be the first derivative of 3/2*l**2 + 5*l - 8. Determine b(-2).
-1
Suppose 2*j - 3938 = -97*j - 4334. Let p(g) = 3*g**2 - 4*g + 5. Let u(t) = -5*t**2 + 7*t - 10. Let y(q) = 7*p(q) + 4*u(q). Determine y(j).
11
Let i = -2932 + 2938. Let d(a) = a**3 - 4*a**2 - 7*a - 23. What is d(i)?
7
Let v(g) = -g. Let i(k) = -25*k + 3*k**2 - 2*k**2 + 5 - 2*k**2 + 27*k. Let d(b) = i(b) + 2*v(b). Calculate d(0).
5
Let l be (81/108)/((-1)/(-8)). Let g(i) = 15*i - 84. Determine g(l).
6
Let v(f) = 14*f - 9*f - 8*f. Let s be v(-2). Let l(z) be the first derivative of -z**4/4 + 2*z**3 + z**2/2 - 34. Determine l(s).
6
Let o(t) = 36*t - 6. Let q be o(-3). Let g = q + 120. Suppose 1 + 17 = g*a. Let p(y) = y**2 - 6*y + 3. What is p(a)?
-6
Let j(f) be the second derivative of -1/12*f**4 - 2*f**3 + 7*f + 7/2*f**2 + 6. Calculate j(-12).
7
Let k(d) = -d**2 + 10*d + 47. Let h be (2 - 8/12)/((-4)/(-42)). Let o be k(h). Let p(s) = s**2 + 8*s - 8. Determine p(o).
1
Let q(n) = n**2 - 2*n + 13. Suppose 2*x - 4*y = -796, 865 = -4*x + 3*y - 742. Let z = -404 - x. Give q(z).
13
Suppose -14 = -5*q + 4*w, 0*w - w = 4*q - 28. Suppose z - 420 = -q*z. Let i = z + -58. Let m(t) = t**2 - t - 2. What is m(i)?
0
Suppose a - 5 = 3*r, 3*a - 5 = -43*r + 47*r. Let z(o) = -3*o + 2. Calculate z(r).
8
Let w(j) = -2*j + 11. Let t(s) = -s**2 - 8*s - 11. Let b be t(-3). Let q be (-10)/40 - 81/(-4). Suppose 2*u - q = b*o, -u + 4 = -o + 2*o. Determine w(u).
-1
Let m(c) = -10*c + 598. Let x(r) = -10*r + 379. Let d(t) = 2*m(t) - 3*x(t). Give d(-8).
-21
Let r be 2/8 - ((-231)/(-12) - -1). Let g be (36/30)/((-8)/r). Let m(t) = t**3 - t**2 - 5*t + 3. Determine m(g).
6
Let v be 189/126*8/6. Let w(n) = -v*n**2 + 3*n**2 + 749*n + 9 - 742*n. Determine w(-4).
-3
Suppose -30*n + 40*n = 0. Let y = -8 - -10. Let l(k) = -k**2 - k + k + y*k**2 - 22. Determine l(n).
-22
Suppose 3*g = -2*u + 8, -6